ed by q.
12
Let i = -1028 - -1107. What is the remainder when i is divided by 4?
3
Let r = -28 + 50. Suppose -k = 4*z - 5*k + 4, k = -4*z + 21. Suppose -3*h + 62 = -2*h - w, z*w - 136 = -2*h. Calculate the remainder when h is divided by r.
20
Let k(i) = -i**3 + 9*i**2 - 9*i - 14. Calculate the remainder when 393 is divided by k(6).
33
Suppose 157 + 648 = 5*q. Let i(k) = 13*k + 2. Calculate the remainder when q is divided by i(3).
38
Suppose 4*r - 144 = -2*f, 0*r + 4*f - 140 = -4*r. What is the remainder when 102 is divided by r?
28
Suppose 2*k - 4*u - 447 = 179, k - 305 = 4*u. Calculate the remainder when k is divided by 27.
24
Let y(l) = -l - 5. Let u = -8 - 2. Let h be y(u). Suppose -h*a + 92 = -178. What is the remainder when a is divided by 14?
12
Let j(f) = -f**3 + 2*f**2 - 2*f. Let c be j(2). Suppose l + 0*l - d = -8, 3*d = -9. Let v = c - l. Calculate the remainder when v is divided by 2.
1
Let i = 24 + 43. Let n = i + -46. What is the remainder when n is divided by 11?
10
Suppose -2*d + 0*d = 0. Suppose 0 = -d*g - 4*g + 28. Calculate the remainder when 24 is divided by g.
3
Let p(a) = 2*a**2 + 26*a + 53. Let x(s) = s**2 + 12*s + 26. Let r(g) = -4*p(g) + 7*x(g). Calculate the remainder when r(-15) is divided by 8.
5
Suppose 0 = 5*a - 7 - 88. Calculate the remainder when ((-3024)/(-105))/(2*(-3)/(-15)) is divided by a.
15
Let h(v) = -29*v + 630. Calculate the remainder when h(11) is divided by 32.
23
Let n(r) = 0 + 4 + 4*r + 10*r. Let u be n(6). Suppose g + 3*g = 3*k - u, 28 = k - 2*g. What is the remainder when k is divided by 11?
10
Let o be 1*-3 - (-11 - 0). Let m be 76/o - (-9)/6. Let f = 17 - m. What is the remainder when 23 is divided by f?
5
Suppose -3 = -k - 0. Suppose 376 = -5*b + 2*b + 4*d, -2*d = 10. Let u = -129 - b. Calculate the remainder when u is divided by k.
0
Suppose 48 - 196 = 4*n + q, -2*q = 5*n + 185. Let x = 3 - n. Let c = 15 + -1. What is the remainder when x is divided by c?
12
Let r(a) be the second derivative of -2*a**3/3 - 13*a**2/2 - 21*a. Calculate the remainder when 31 is divided by r(-6).
9
Let o be (5 - 480)/5*(-2)/5. Let g = 44 - o. What is the remainder when 19 is divided by g?
1
Suppose 4*w = 35 - 7. Calculate the remainder when 41 is divided by w.
6
Let c be 1*(-3)/((-12)/1516). Let z = c - 266. What is the remainder when z is divided by 38?
37
Let j(k) = -k**2 - 29*k - 78. Calculate the remainder when j(-22) is divided by 7.
6
Let x(k) be the third derivative of k**5/60 - k**4/6 - 2*k**3 - 6*k**2. Let m be x(13). Suppose -3*l + 93 = -m. What is the remainder when l is divided by 17?
15
Let f(m) = -m**3 + 3*m**2 + 2*m. Let g be f(-1). Suppose 348 = 5*j - 0*j + g*p, -345 = -5*j - 5*p. What is the remainder when j is divided by 24?
22
Suppose 0 = 12*t - 23*t + 110. Calculate the remainder when 30 is divided by t.
0
Let r be (-1)/(-3) + 42/9. Suppose 44 = 2*w - 2*v, 3*w = r*w - 5*v - 32. Calculate the remainder when 50 is divided by w.
24
Suppose 6*i - 4*i = 68. Suppose i = 3*q - 59. Let a(r) = -2*r. Calculate the remainder when q is divided by a(-4).
7
Suppose 3*c - 128 + 59 = 0. What is the remainder when c is divided by 8?
7
Suppose 28*b - 8712 = -16*b. What is the remainder when b is divided by 19?
8
Suppose 124*u - 126 = 110*u. Calculate the remainder when 223 is divided by u.
7
Let c = -363 - -660. Calculate the remainder when c is divided by 10.
7
Let z be 130/(-3) - 8/12. Let r = -26 - z. Let a = -27 + 80. What is the remainder when a is divided by r?
17
Suppose 0 = -i + 2*o + 188, 2*i + 3*o + 570 = 5*i. What is the remainder when i is divided by 39?
36
Suppose s + 7 - 9 = 0. Suppose a - 4*z = 1, s*a = a - 4*z + 33. Let y = 26 - a. Calculate the remainder when y is divided by 3.
0
Suppose -2*f - 2*v = -206, f + 41*v - 42*v - 105 = 0. What is the remainder when f is divided by 42?
20
Suppose -546 = 7*j - 1372. Let o = j + -73. What is the remainder when o is divided by 16?
13
Let l = 86 + 55. Let x be -3 + (-1)/((-3)/l). Let d = x - 7. Calculate the remainder when d is divided by 10.
7
Suppose 2*l + d - 43 = 49, 4*l + d = 180. Calculate the remainder when l is divided by 12.
8
Suppose -4*t = 22 - 6, -a = 4*t + 14. Suppose 3*b - f + 1 = -6, 4*b - a*f + 6 = 0. What is the remainder when 61 is divided by 5*7 - (b + 7)?
29
Suppose 5*f + 12 = 2*u, -3*f + 5 + 1 = 0. Suppose -u = -c + 12. Let m = -10 + c. Calculate the remainder when 24 is divided by m.
11
What is the remainder when 139 is divided by (-84)/(-14) + 4 + -5?
4
Let z(f) = -13*f. Suppose i = -3*j - 2 - 0, 9 = 4*i - 5*j. Suppose q - 39 = 2*a, 0 = -a - i - 0. Calculate the remainder when q is divided by z(-1).
11
Let j = -64 + 76. What is the remainder when 164 is divided by j?
8
Suppose 0*f - 4*d + 4 = -4*f, 5*d - 11 = 2*f. Suppose 20 = -2*o - f*o. Calculate the remainder when 87 is divided by 20 - -5*2/o.
15
Let z be 2755/20 + 1/4. Let r = -81 + z. Suppose 5*n - r = -2. What is the remainder when 21 is divided by n?
10
Let v(f) = f**3 + 15*f**2 - 15*f**2 + f**3 + f. Let w be v(1). Calculate the remainder when 43 is divided by (9 - -2)*(4 - w).
10
Suppose -5*l + 595 = -4*m, 3*m + 104 - 699 = -5*l. What is the remainder when l + (5 - (-4 - -8)) is divided by 41?
38
Suppose -521 + 489 = -p. What is the remainder when 445 is divided by p?
29
Let n(o) = o + 10. What is the remainder when 256/10 + (-18)/(-45) is divided by n(0)?
6
Let h = 2 - -9. Calculate the remainder when 1740/30*3/6 is divided by h.
7
Let h be 7 - (-2 - (-1 + -2)). Suppose -h*d = -5*d - 16. Suppose x + 4 = 0, -3*j + 3*x = 2*j - 57. What is the remainder when d is divided by j?
7
Let l(j) = -j + 4. Let o = 10 + -10. Let g be l(o). Suppose 4*z = -g*c + 108, -c + 2*z + 11 = -z. Calculate the remainder when c is divided by 8.
7
Let b(v) be the third derivative of -5*v**4/12 + v**3/3 + 4*v**2. Calculate the remainder when b(-1) is divided by 7.
5
Let n(z) = z**3 + 9*z**2 + 13*z + 7. Suppose -8 - 103 = -3*r. What is the remainder when r is divided by n(-7)?
9
Calculate the remainder when 37 is divided by 329/28 - 4/(-16).
1
Suppose -2*p + 5*p = 39. Let a(b) = b**3 + 8*b**2 + 5*b - 10. Let q be a(-7). Let o = p - q. What is the remainder when o is divided by 4?
1
Suppose -u = 5*m - 350, -3*m - 6*u + 210 = -u. Let w be 50 + 0 - 3/1. Suppose v = w - 29. Calculate the remainder when m is divided by v.
16
Suppose -5*b = -4*j + 25, -5 = b + 5*j - 29. What is the remainder when b/8 + (-1967)/(-56) is divided by 12?
11
Suppose 0*q = 2*q - 10. Let a be -3 + 2 - 3 - (5 + -89). Let k = a + -73. What is the remainder when k is divided by q?
2
Let h = 1727 + -1667. Calculate the remainder when 83 is divided by h.
23
Let d = -8 + 22. What is the remainder when 50 is divided by d?
8
Let o(c) = -32*c - 15. Let n = 17 + -20. What is the remainder when o(n) is divided by 42?
39
Suppose 42*r = 165 + 927. What is the remainder when 44 is divided by r?
18
Suppose -4 = -i - 12. Calculate the remainder when 1315/13 - i/(-52) is divided by 21.
17
Let l = 937 + -924. What is the remainder when (3 - -1)*133/14 is divided by l?
12
Suppose c + 4 = 5, -3*f = -5*c - 277. Calculate the remainder when f is divided by 12.
10
Let f = 1905 + -1865. What is the remainder when 97 is divided by f?
17
Let p(g) = 7*g**2 - 4*g - 7. Let u be p(5). What is the remainder when (-16)/112 - u/(-7) is divided by 6?
3
Suppose 0 = y + 4*f - 941 + 46, -f = -y + 890. Let j = y - 628. Calculate the remainder when j is divided by 53.
51
Let v(u) = -u**2 + 9*u - 10. Let g be v(7). Suppose g*d - 64 = y, 0 = -0*y + 2*y. Calculate the remainder when 61 is divided by d.
13
Let f(t) = -4*t + 58. Suppose -90 = -2*r + 2*a - 5*a, -2*a = -8. Let m = -22 + r. Calculate the remainder when m is divided by f(13).
5
Let d be ((-60)/(-40))/((-6)/(-20)). What is the remainder when 19 is divided by -1 - (-2*4 + d + -8)?
9
Suppose 2*d - 1 + 7 = 0, d = -4*m - 439. Let h = m - -154. What is the remainder when h is divided by 16?
13
Let t(x) = 51 - 8*x + 14*x**2 - 2*x**3 - 70 + x**3 - 3*x. Calculate the remainder when 18 is divided by t(13).
4
Suppose 57 = 5*h + 2*f, -86 = -2*h + 3*f - 67. Suppose 5*u = 5*o + 12 + 28, -34 = -4*u + 5*o. What is the remainder when h is divided by u?
5
Suppose -26*w = -35*w + 3069. Calculate the remainder when w is divided